 -4 - -2.
2
What is -3 - (4 - (0 + (8 - -1)))?
2
Calculate 0 + 0 + (-2 - -2).
0
Evaluate -6 - (1 - (5 + 4)).
2
Evaluate -1 + 15 - (-25 + 34).
5
What is the value of -124 - -129 - (11 + 1)?
-7
Evaluate 10 + (-11 - ((12 - 4) + -12)).
3
Calculate (-1 - -6) + -12 + 3 + -1.
-5
Calculate (-7 - -1 - -3) + 4.
1
What is the value of (-13 - (-18 + 11)) + (1 - -9)?
4
Evaluate -3 + -3 + 7 + (-4 - -2).
-1
What is -4 - (-6 + 1 + 1 + -2)?
2
-2 + (-5 - (3 - 6)) - -2
-2
Calculate -103 + 111 + -16 + -1 - -4.
-5
Calculate 3 + 4 + -3 + (-1 - 4).
-1
0 - ((-10 - 12) + 15)
7
What is 4 - -1 - (-7 + -4 - -19)?
-3
Evaluate -7 - (-4 + 2 + -1).
-4
What is the value of -7 + 8 + -10 + 10?
1
Evaluate -6 + (-10 - -14 - -5).
3
Evaluate (52 - 52) + 1 + 0 + -7.
-6
2 + (3 - (9 - 4))
0
What is 0 + -5 - ((9 - 8) + -1)?
-5
What is -9 + (1 - (-7 - 1))?
0
(-7 - ((-1 - 2) + 4)) + 3
-5
1 - (-2 - (4 - 3))
4
0 + 0 + -11 - (-60 + 57)
-8
-3 - (2 - 2) - (-14 - -8)
3
Calculate (0 - (6 + -11)) + -2 + 2.
5
What is the value of (0 - 1 - -14) + (270 - 274)?
9
Calculate 1 - (-4 - (-1 + 0)).
4
Evaluate -5 - (9 + 0 + -7 + 0).
-7
What is the value of -4 + 7 + -2 + -4?
-3
Calculate 1 + 4 - -4 - (0 - -1).
8
What is the value of (-7 - -1) + (-11 + 0 - -12)?
-5
What is 15 + -9 - (1 - 2)?
7
What is 7 + -6 + (6 - 7) + 1?
1
5 + (-8 - (-4 + (-5 - -1)))
5
What is -6 - 4 - -12 - (-1 - -9)?
-6
What is the value of -1 - (6 - (24 - 8))?
9
Evaluate (7 - 3) + -3 - (4 + 6).
-9
Evaluate 5 - (2 + 3 + -3) - 0.
3
Calculate (0 - -2) + 2 + (5 - 7).
2
Evaluate (4 - -1) + (5 - 9).
1
-2 + 0 + 12 + -11 + -3
-4
What is (6 - ((-4 - -4) + 16)) + 3?
-7
Evaluate 2 + 1 - (0 + (4 - 5)).
4
What is 3 - -1 - (10 + -11)?
5
Evaluate (-1 - 1) + -2 + 4.
0
What is 4 - (9 + (2 - (2 + -1)))?
-6
Evaluate -5 + (2 - 1) + (-2 - -2).
-4
What is the value of -1 - 3 - (2 + 3 + -6)?
-3
What is -97 + 91 + 1 + 9?
4
Calculate (18 + -26 - (-3 - 0)) + 12.
7
Calculate (-1 - 1) + -13 + 17.
2
Evaluate (2 - (8 + (-2 - 4))) + 1.
1
Calculate 7 - 0 - (10 - 8).
5
6 + (7 - 16 - -7)
4
Evaluate -14 - -8 - (2 - 10).
2
What is -3 - (6 + (-6 - -3))?
-6
6 - (0 + 4) - -1
3
What is 12 - 3 - (-3 + -5 - -13)?
4
What is the value of 0 + 0 + 2 + 2 + -2?
2
What is (2 - -1) + 2 + 0 + -9?
-4
Calculate 3 - ((-2 - 1) + (4 - -1)).
1
Calculate (-3 - 0) + -5 + 14.
6
What is (-1 - (3 - (2 - 1))) + -2?
-5
-26 + 24 - (0 + -5)
3
3 - (4 - (-7 + 4))
-4
What is -43 + 30 - (-24 + 0)?
11
Calculate -2 + -6 + (11 - 12).
-9
What is (-2 + 2 - 6) + 11?
5
-1 + 7 + (4 - 0 - 10)
0
What is the value of -9 + -4 + (1 - 3) + 10?
-5
Evaluate 0 + 0 + (3 - 6).
-3
-1 + (-7 - -16 - -1)
9
Evaluate 3 - (18 + -14 + -3 + -2).
4
Evaluate 3 + (1 - (7 + -1)).
-2
What is (-6 - -2) + -9 - -7?
-6
(16 + -10 + 6 - 6) + -2
4
(-5 + 16 - 17) + -1 + 14
7
Calculate 43 + -49 + (7 - -1) - -5.
7
Evaluate -1 - ((6 - 10) + 0).
3
Calculate 25 + -19 - (0 - 1 - -3).
4
Calculate 6 + -3 + -7 + -1 + 0.
-5
-4 + 3 + -1 + -1
-3
Calculate (-1 - 2) + 0 - -1.
-2
Calculate 1 + 7 + -88 + 87.
7
Calculate 6 - (-3 + 0 - (-57 - -50)).
2
Calculate -28 + 25 + (-1 - 1) + 9.
4
7 + (4 + -3 - 5)
3
Calculate 3 - (0 - (-7 - (2 + -3))).
-3
(-4 - (-11 + 1)) + (-5 - -4)
5
(5 + -8 - 3) + 0
-6
Calculate -1 - (4 + (1 - 5)).
-1
Calculate -7 + 2 + -7 + 9.
-3
What is the value of (4 - 11 - -5) + 3?
1
What is (-3 - -6 - -3) + 1 + -6?
1
0 + 0 + -2 + 0 + 4
2
Evaluate -3 + (6 + -4 + -12 - -6).
-7
Evaluate 36 + -39 - (-7 + 0).
4
-5 - -11 - 0 - 7
-1
What is -2 - -3 - 1 - (-4 - -7)?
-3
10 + -15 + -1 + 0
-6
-3 + -2 + 7 - (10 + -3)
-5
Calculate 20 - 9 - (-10 - -17).
4
Evaluate -3 + 6 - (-1 + -1 + 5).
0
Evaluate -5 + 2 + 14 + -2 + -4.
5
What is -1 + (0 - 0) + (0 - -1)?
0
-20 + 10 + 4 + 4 + -5
-7
What is the value of -9 - (-25 + (-2 - -14))?
4
What is (-1 - 2) + (-8 - -15 - 12)?
-8
0 + (0 - 3) + 0 - -2
-1
Evaluate (-6 - (-1 - 0)) + (39 - 38).
-4
What is the value of -1 + (-5 - 1) + 3?
-4
-3 + (1 - -1) + -1 + 5
3
Evaluate -1 + -1 + (-4 - -4).
-2
What is 2 - 5 - -2 - (2 - 8)?
5
What is 1 + -3 + (-35 - -39)?
2
Evaluate 1 - (1 - 2 - (3 + -6)).
-1
What is -2 + 7 + 1 - 6?
0
What is (-18 + 5 - -13) + -11?
-11
Evaluate 7 - ((-9 - -11) + (3 - -2)).
0
What is (-15 - (-9 + 2)) + 4 - -13?
9
Evaluate 11 + -5 - (6 - (-1 + 3)).
2
(1 - (5 + 4 - 2)) + -2
-8
Calculate (6 - 11) + (1 - -1).
-3
-4 - 1 - (-8 - (12 - 9))
6
What is -15 - (-25 + 4) - (17 - 0)?
-11
What is -7 - 2 - (-14 + 11)?
-6
What is the value of (-4 - (0 + -4)) + 3?
3
Calculate 4 + 1 + 1 + -9.
-3
Calculate 1 + -8 - (0 + -1).
-6
What is the value of (3 - -6) + -3 + -5 + 4?
5
Calculate (-5 - -3) + 5 + -9.
-6
4 + -9 + 1 + 6 - 8
-6
What is 1 - (0 - 0) - (-691 - -691)?
1
What is the value of -5 + (32 - 33 - (1 + -4))?
-3
What is (8 - 2) + -3 + -12 + 5?
-4
(-5 - (1 + -2)) + -5 + 4
-5
0 - ((-7 - -7) + -3)
3
Calculate 1 + 1 + 0 - 7.
-5
Evaluate (5 - 6) + 5 - 7.
-3
Calculate 0 + (6 - (4 + -3) - 4).
1
3 - (-7 - (-6 - 0))
4
What is the value of (-2 - -13) + 118 + -126?
3
What is the value of 1 - (-4 - -12) - -14?
7
Evaluate (4 - 2 - 5) + 6.
3
14 + 1 - (91 - 85)
9
Evaluate (1 - (-7 + 11) - -15) + -7.
5
-6 + -1 + 11 + 1 + -9
-4
10 - (2 - -4) - 6 - 2
-4
Calculate 3 - 3 - -5 - 10 - -10.
5
What is the value of -4 + 3 + -1 + -2 + 2?
-2
Calculate (2 - (7 + 1 + -5)) + 1.
0
6 - (4 + -4 - -4 - 0)
2
What is -1 + 5 - 0 - (2 - -1)?
1
Calculate -4 - -9 - (-1 + (1 - -6)).
-1
Calculate 5 + (0 - 2) + 0.
3
What is (6 - 0) + 44 + -45?
5
What is the value of 2 + -4 - (-4 - -7)?
-5
Evaluate (2 + 2 - 9) + 15 + -4.
6
Calculate (-15 + 11 - -11) + (0 - 6).
1
(5 - 2) + -4 + 0
-1
(84 - 76) + -3 + 1
6
Calculate (0 - 0) + (3 - (-14 - -16)).
1
Calculate -2 - (6 + (-1 - 7)) - -5.
5
1 + (7 - (9 - 2))
1
(6 - (1 + 4) - -1) + 5
7
0 + 3 + 3 + -10
-4
Calculate (-1 - 3) + 2 + 0.
-2
Calculate (-1 - 2) + -1 + 3.
-1
Evaluate -4 + -5 + 0 + 4.
-5
What is the value of -1 + -1 - (2 + 0)?
-4
Evaluate 2 - (9 + -12 + 8 + 1).
-4
What is the value of (-1 - 3) + (8 - (9 + -3))?
-2
1 + ((13 - 8) + -13 - -1)
-6
-8 + 13 + -8 - -3
0
Evaluate (-8 - -4) + (2 - (-1 + -5)).
4
Calculate (-7 - -16) + -8 - 0.
1
Evaluate 0 + (3 - (2 + -5 - -3)).
3
Calculate (-4 - (0 + 1)) + (23 - 13).
5
Evaluate 2 + 3 + -2 + 2.
5
Calculate -17 + 6 - (2 + -4 + -5).
-4
5 - (2 - (4 - 4))
3
0 - (3 - (6 - (4 - 3)))
2
Calculate (5 - (9 + -4)) + 1.
1
Evaluate 8 + (-4 - 2 - 1).
1
What is the value of 4 + -2 - (8 - 3)?
-3
Evaluate (1 - (14 + -6)) + 10.
3
What is 1 + (-6 - -4) - -5?
4
What is 3 + 2 + -13 - -9?
1
What is (-2 - 9) + 8 + 1?
-2
What is -10 + (9 - (-14 + 6))?
7
What is (-2 - -15) + -17 - (-2 + -4)?
2
What is (-3 - -1) + -5 + 11 + -2?
2
Evaluate -30 - -12 - (1 - 10).
-9
What is the value of -2 + (-4 + 1 + 7 - 0)?
2
Calculate -7 + 15 + -21 + 8.
-5
What is the value of -4 + (-11 - -5) + 4?
-6
Calculate (8 - (9 + 4)) + -3.
-8
Calculate -1 + -4 + 4 + -9 + 8.
-2
What is the value of (-14 - -8) + (6 - 2)?
-2
What is the value of 4 + -7 + 5 + 0?
2
What is the value of -3 - (-2 + -4 + 6)?
-3
0 + -1 + 0 - (-32 - -32)
-1
What is the value of -2 + 5 - 5 - -5 - 2?
1
What is 0 + -5 + -60 + 61?
-4
Evaluate 4 + -6 + -2 + 3.
-1
9 + (-12 - -6) + (-4 - 0)
-1
What is the value of -14 + 15 - (-1 + 1 - 1)?
2
Evaluate (16 + -1 - 6) + -10.
-1
What is the value of ((-4 - 0) + 5 - -7) + -3?
5
-9 - -6 - (-2 - 4)
3
Calculate 6 + (-4 - 4) - (-3 + 8).
-7
What is the value of (4 - -1) + -5 + 0?
0
Calculate (5 + -2 - (3 - 0)) + 2.
2
What is the value of -178 - -172 - (-11 - (1 + -2))?
4
Calculate 9 + -19 - (-11 + 4).
-3
Calculate 0 - (1 + (-3 - (-6 + 2))).
-2
Calculate (-1 - -2) + -5 + 5.
1
Calculate (-117 - -130) + -19 + 1.
-5
Evaluate -1 + 3 + (3 - 9).
-4
Calculate (-1 - -2) + -1 - (-18 + 18).
0
What is the value of -4 + 0 - (-12 + 6)?
2
Evaluate -19 + 16 - (-1 + 2).
-4
What is the value of -3 + 2 - (-2 + 1 + 5)?
-5
Evaluate -7 + 6 - (-1 + 2).
-2
Evaluate -9 + -10 - -10 - -17.
8
What is 2 + 0 - (30 - 24)?
-4
What is 0 + 2 + -11 + -137 + 138?
-8
Evaluate (-6 + 0 - (5 + -6)) + -1.
-6
Calculate (-3 + 2 - -3) + -2 + -1.
-1
Evaluate 6 + -7 - (3 - -4).
-8
What is the value of -3 + -1 + 0 - -2?
-2
What is the value of -8 - (-4 + -7 + 5 + 2)?
-4
What is -3 + (-5 - (-2 - 8)) + 4?
6
What is 4 + (-5 + 13 + -10 - -2)?
4
Calculate 3 - -3 - 6 - -2.
2
Evaluate -10 + 2 + (-1 - -11).
2
0 + 5 + -6 + -2
-3
Calculate 3 - (6 + (-3 - -6) - 6).
0
0 - (-4 - (0 - 1